 when 124595226 is divided by 2498.
2480
Calculate the remainder when 12928 is divided by 10240.
2688
Calculate the remainder when 12649801 is divided by 1192.
297
What is the remainder when 1533579 is divided by 766755?
69
What is the remainder when 109713596 is divided by 2499?
2498
What is the remainder when 36469949 is divided by 15?
14
Calculate the remainder when 24813 is divided by 3111.
3036
Calculate the remainder when 57209388 is divided by 41.
38
Calculate the remainder when 15225775 is divided by 236.
235
What is the remainder when 12270158 is divided by 280?
278
Calculate the remainder when 35034331 is divided by 175.
31
Calculate the remainder when 136676 is divided by 6505.
71
What is the remainder when 26707 is divided by 3752?
443
What is the remainder when 189323 is divided by 3640?
43
Calculate the remainder when 3195173 is divided by 114108.
149
Calculate the remainder when 780662390 is divided by 1062.
1058
Calculate the remainder when 4426298 is divided by 789.
8
What is the remainder when 179362997 is divided by 830?
827
Calculate the remainder when 4579322 is divided by 29.
19
Calculate the remainder when 389595 is divided by 35416.
19
Calculate the remainder when 1415193 is divided by 19123.
91
Calculate the remainder when 2391002 is divided by 17711.
17
Calculate the remainder when 15807716 is divided by 9.
8
What is the remainder when 125245 is divided by 501?
496
Calculate the remainder when 106683 is divided by 34843.
2154
What is the remainder when 1944365 is divided by 20907?
14
What is the remainder when 180721 is divided by 1166?
1157
What is the remainder when 115421 is divided by 35?
26
What is the remainder when 1882073 is divided by 268863?
32
Calculate the remainder when 11014890 is divided by 908.
850
Calculate the remainder when 8676899 is divided by 900.
899
Calculate the remainder when 112038959 is divided by 37346306.
41
Calculate the remainder when 8827733 is divided by 125.
108
Calculate the remainder when 68326832 is divided by 31.
11
What is the remainder when 147184395 is divided by 2623?
2619
Calculate the remainder when 298133 is divided by 48430.
7553
What is the remainder when 1099948046 is divided by 2291?
2290
Calculate the remainder when 306841 is divided by 7.
3
What is the remainder when 1704267 is divided by 212?
211
Calculate the remainder when 122438078 is divided by 40812690.
8
What is the remainder when 572619 is divided by 189824?
3147
Calculate the remainder when 232816 is divided by 116.
4
What is the remainder when 38239137 is divided by 63?
27
What is the remainder when 867394 is divided by 867219?
175
What is the remainder when 8371462 is divided by 6784?
6
What is the remainder when 12421 is divided by 3939?
604
What is the remainder when 315754 is divided by 16600?
354
What is the remainder when 3192 is divided by 1102?
988
Calculate the remainder when 1538983 is divided by 83.
80
Calculate the remainder when 11236566 is divided by 37.
36
Calculate the remainder when 319230 is divided by 35466.
36
What is the remainder when 289040 is divided by 1234?
284
What is the remainder when 195286 is divided by 17753?
3
What is the remainder when 34893138 is divided by 39?
33
Calculate the remainder when 33178829 is divided by 8294693.
57
Calculate the remainder when 52580 is divided by 17.
16
Calculate the remainder when 27523 is divided by 3776.
1091
Calculate the remainder when 1629645 is divided by 2633.
2451
What is the remainder when 9824195 is divided by 701728?
3
What is the remainder when 740417 is divided by 286?
249
Calculate the remainder when 9788636 is divided by 4894313.
10
Calculate the remainder when 117359 is divided by 116427.
932
What is the remainder when 952422 is divided by 476185?
52
What is the remainder when 40423078 is divided by 659?
18
Calculate the remainder when 97124 is divided by 19331.
469
Calculate the remainder when 1900329 is divided by 82614.
207
Calculate the remainder when 72052383 is divided by 145.
143
Calculate the remainder when 369926 is divided by 2033.
1953
What is the remainder when 705250 is divided by 176269?
174
Calculate the remainder when 759630478 is divided by 56.
54
What is the remainder when 11861168 is divided by 7?
4
What is the remainder when 52424489 is divided by 43760?
9
What is the remainder when 13467815 is divided by 117?
62
What is the remainder when 883494 is divided by 838?
242
What is the remainder when 141701 is divided by 593?
567
Calculate the remainder when 507351 is divided by 28186.
3
Calculate the remainder when 9444381 is divided by 108.
105
What is the remainder when 4651489 is divided by 37?
34
What is the remainder when 22309760 is divided by 105?
95
What is the remainder when 20256 is divided by 182?
54
What is the remainder when 6000473 is divided by 177?
173
What is the remainder when 238890 is divided by 59458?
1058
What is the remainder when 1471912 is divided by 3904?
104
Calculate the remainder when 3083131 is divided by 256927.
7
Calculate the remainder when 2734767 is divided by 279.
9
What is the remainder when 3162612 is divided by 9036?
12
Calculate the remainder when 115476 is divided by 5470.
606
Calculate the remainder when 174115648 is divided by 1287.
1279
What is the remainder when 614620 is divided by 746?
662
What is the remainder when 1661409 is divided by 1161?
18
Calculate the remainder when 6732326 is divided by 156.
146
Calculate the remainder when 126425121 is divided by 319.
317
What is the remainder when 5262012 is divided by 7016?
12
Calculate the remainder when 707753 is divided by 5796.
641
Calculate the remainder when 281108193 is divided by 796.
793
Calculate the remainder when 81089709 is divided by 785.
779
Calculate the remainder when 257277 is divided by 1293.
1263
Calculate the remainder when 957614 is divided by 274.
258
Calculate the remainder when 77262 is divided by 76775.
487
What is the remainder when 734840 is divided by 112?
8
What is the remainder when 116535 is divided by 1254?
1167
What is the remainder when 5480 is divided by 3001?
2479
What is the remainder when 687649 is divided by 966?
823
What is the remainder when 124868 is divided by 1255?
623
Calculate the remainder when 471811 is divided by 248.
115
What is the remainder when 69916 is divided by 6984?
76
What is the remainder when 3552881 is divided by 32?
17
Calculate the remainder when 4177440 is divided by 3148.
44
Calculate the remainder when 7305637 is divided by 1920.
37
What is the remainder when 1789 is divided by 776?
237
What is the remainder when 2656985 is divided by 81?
23
Calculate the remainder when 11106 is divided by 126.
18
Calculate the remainder when 23139 is divided by 58.
55
Calculate the remainder when 18917 is divided by 519.
233
Calculate the remainder when 27773 is divided by 1437.
470
Calculate the remainder when 6495424 is divided by 1623846.
40
What is the remainder when 433199 is divided by 108112?
751
Calculate the remainder when 1775132 is divided by 887548.
36
Calculate the remainder when 607510 is divided by 790.
0
What is the remainder when 2885478 is divided by 716?
714
Calculate the remainder when 76669 is divided by 6377.
145
Calculate the remainder when 50251697 is divided by 16750553.
38
What is the remainder when 2710799 is divided by 677690?
39
What is the remainder when 332153289 is divided by 55322?
1
What is the remainder when 1644313 is divided by 590?
573
Calculate the remainder when 49392736 is divided by 1398.
1396
What is the remainder when 9892441 is divided by 4946206?
29
What is the remainder when 83379435 is divided by 173?
9
Calculate the remainder when 520036 is divided by 64953.
412
What is the remainder when 2913210 is divided by 29426?
36
What is the remainder when 6384266 is divided by 54?
8
Calculate the remainder when 577167840 is divided by 22.
18
What is the remainder when 270965 is divided by 8794?
7145
Calculate the remainder when 2886983547 is divided by 18.
15
What is the remainder when 10852812 is divided by 145?
142
What is the remainder when 71161 is divided by 70990?
171
Calculate the remainder when 14631201 is divided by 443368.
57
What is the remainder when 70790704 is divided by 54?
52
What is the remainder when 18920 i